[INFO] fetching crate vulkano-framing 0.3.0...
[INFO] checking vulkano-framing-0.3.0 against master#cfbc6d4cf1acbac5c025acf8ed68929caa551df3 for pr-75494-beta
[INFO] extracting crate vulkano-framing 0.3.0 into /workspace/builds/worker-8/source
[INFO] validating manifest of crates.io crate vulkano-framing 0.3.0 on toolchain cfbc6d4cf1acbac5c025acf8ed68929caa551df3
[INFO] running `Command { std: "/workspace/cargo-home/bin/cargo" "+cfbc6d4cf1acbac5c025acf8ed68929caa551df3" "read-manifest" "--manifest-path" "Cargo.toml", kill_on_drop: false }`
[INFO] started tweaking crates.io crate vulkano-framing 0.3.0
[INFO] finished tweaking crates.io crate vulkano-framing 0.3.0
[INFO] tweaked toml for crates.io crate vulkano-framing 0.3.0 written to /workspace/builds/worker-8/source/Cargo.toml
[INFO] running `Command { std: "/workspace/cargo-home/bin/cargo" "+cfbc6d4cf1acbac5c025acf8ed68929caa551df3" "generate-lockfile" "--manifest-path" "Cargo.toml" "-Zno-index-update", kill_on_drop: false }`
[INFO] running `Command { std: "/workspace/cargo-home/bin/cargo" "+cfbc6d4cf1acbac5c025acf8ed68929caa551df3" "fetch" "--locked" "--manifest-path" "Cargo.toml", kill_on_drop: false }`
[INFO] [stderr]  Downloading crates ...
[INFO] [stderr]   Downloaded syn v0.10.8
[INFO] [stderr]   Downloaded rgb v0.8.24
[INFO] [stderr]   Downloaded clamp v0.1.0
[INFO] [stderr]   Downloaded smallvec v0.4.5
[INFO] [stderr]   Downloaded lodepng v1.2.2
[INFO] [stderr]   Downloaded rayon v0.8.2
[INFO] [stderr]   Downloaded c_vec v1.3.3
[INFO] [stderr]   Downloaded vulkano-shader-derive v0.6.2
[INFO] [stderr]   Downloaded png-framing v0.5.0
[INFO] [stderr]   Downloaded framing v0.6.0
[INFO] [stderr]   Downloaded vulkano-shaders v0.6.2
[INFO] [stderr]   Downloaded vulkano v0.6.2
[INFO] running `Command { std: "docker" "create" "-v" "/var/lib/crater-agent-workspace/builds/worker-8/target:/opt/rustwide/target:rw,Z" "-v" "/var/lib/crater-agent-workspace/builds/worker-8/source:/opt/rustwide/workdir:ro,Z" "-v" "/var/lib/crater-agent-workspace/cargo-home:/opt/rustwide/cargo-home:ro,Z" "-v" "/var/lib/crater-agent-workspace/rustup-home:/opt/rustwide/rustup-home:ro,Z" "-e" "SOURCE_DIR=/opt/rustwide/workdir" "-e" "CARGO_TARGET_DIR=/opt/rustwide/target" "-e" "CARGO_HOME=/opt/rustwide/cargo-home" "-e" "RUSTUP_HOME=/opt/rustwide/rustup-home" "-w" "/opt/rustwide/workdir" "-m" "1610612736" "--user" "0:0" "--network" "none" "rustops/crates-build-env@sha256:a636fd89d022f18117e1dc8fb37a0a009933cdbbe082814857f0e2024962d47c" "/opt/rustwide/cargo-home/bin/cargo" "+cfbc6d4cf1acbac5c025acf8ed68929caa551df3" "metadata" "--no-deps" "--format-version=1", kill_on_drop: false }`
[INFO] [stdout] e14ad3add9a3db8fbd2b4c0f0973e4adb9afb095f78b69ca7cfa416cbc3d15d0
[INFO] [stderr] WARNING: Your kernel does not support swap limit capabilities or the cgroup is not mounted. Memory limited without swap.
[INFO] running `Command { std: "docker" "start" "-a" "e14ad3add9a3db8fbd2b4c0f0973e4adb9afb095f78b69ca7cfa416cbc3d15d0", kill_on_drop: false }`
[INFO] running `Command { std: "docker" "inspect" "e14ad3add9a3db8fbd2b4c0f0973e4adb9afb095f78b69ca7cfa416cbc3d15d0", kill_on_drop: false }`
[INFO] running `Command { std: "docker" "rm" "-f" "e14ad3add9a3db8fbd2b4c0f0973e4adb9afb095f78b69ca7cfa416cbc3d15d0", kill_on_drop: false }`
[INFO] [stdout] e14ad3add9a3db8fbd2b4c0f0973e4adb9afb095f78b69ca7cfa416cbc3d15d0
[INFO] running `Command { std: "docker" "create" "-v" "/var/lib/crater-agent-workspace/builds/worker-8/target:/opt/rustwide/target:rw,Z" "-v" "/var/lib/crater-agent-workspace/builds/worker-8/source:/opt/rustwide/workdir:ro,Z" "-v" "/var/lib/crater-agent-workspace/cargo-home:/opt/rustwide/cargo-home:ro,Z" "-v" "/var/lib/crater-agent-workspace/rustup-home:/opt/rustwide/rustup-home:ro,Z" "-e" "SOURCE_DIR=/opt/rustwide/workdir" "-e" "CARGO_TARGET_DIR=/opt/rustwide/target" "-e" "CARGO_INCREMENTAL=0" "-e" "RUST_BACKTRACE=full" "-e" "RUSTFLAGS=--cap-lints=forbid" "-e" "CARGO_HOME=/opt/rustwide/cargo-home" "-e" "RUSTUP_HOME=/opt/rustwide/rustup-home" "-w" "/opt/rustwide/workdir" "-m" "1610612736" "--user" "0:0" "--network" "none" "rustops/crates-build-env@sha256:a636fd89d022f18117e1dc8fb37a0a009933cdbbe082814857f0e2024962d47c" "/opt/rustwide/cargo-home/bin/cargo" "+cfbc6d4cf1acbac5c025acf8ed68929caa551df3" "check" "--frozen" "--all" "--all-targets" "--message-format=json", kill_on_drop: false }`
[INFO] [stdout] 97c8859f6015126fd5087e2c19cb718a63eecc34da3a7178ca2fca349f0fb2e6
[INFO] [stderr] WARNING: Your kernel does not support swap limit capabilities or the cgroup is not mounted. Memory limited without swap.
[INFO] running `Command { std: "docker" "start" "-a" "97c8859f6015126fd5087e2c19cb718a63eecc34da3a7178ca2fca349f0fb2e6", kill_on_drop: false }`
[INFO] [stderr]    Compiling libc v0.2.76
[INFO] [stderr]    Compiling autocfg v1.0.1
[INFO] [stderr]     Checking lazy_static v1.4.0
[INFO] [stderr]    Compiling typenum v1.12.0
[INFO] [stderr]    Compiling maybe-uninit v2.0.0
[INFO] [stderr]    Compiling cc v1.0.59
[INFO] [stderr]     Checking cfg-if v0.1.10
[INFO] [stderr]    Compiling arrayref v0.3.6
[INFO] [stderr]    Compiling byte-tools v0.2.0
[INFO] [stderr]     Checking scopeguard v1.1.0
[INFO] [stderr]    Compiling rayon-core v1.7.1
[INFO] [stderr]     Checking bytemuck v1.3.1
[INFO] [stderr]    Compiling vulkano v0.6.2
[INFO] [stderr]     Checking clamp v0.1.0
[INFO] [stderr]     Checking vk-sys v0.3.3
[INFO] [stderr]     Checking c_vec v1.3.3
[INFO] [stderr]     Checking lazy_static v0.2.11
[INFO] [stderr]     Checking crossbeam v0.3.2
[INFO] [stderr]    Compiling unicode-xid v0.0.4
[INFO] [stderr]     Checking smallvec v0.4.5
[INFO] [stderr]    Compiling quote v0.3.15
[INFO] [stderr]     Checking half v1.6.0
[INFO] [stderr]     Checking fnv v1.0.7
[INFO] [stderr]    Compiling block-buffer v0.3.3
[INFO] [stderr]     Checking rgb v0.8.24
[INFO] [stderr]    Compiling syn v0.10.8
[INFO] [stderr]    Compiling crossbeam-utils v0.7.2
[INFO] [stderr]    Compiling memoffset v0.5.5
[INFO] [stderr]    Compiling crossbeam-epoch v0.8.2
[INFO] [stderr]    Compiling cmake v0.1.44
[INFO] [stderr]     Checking num_cpus v1.13.0
[INFO] [stderr]     Checking shared_library v0.1.9
[INFO] [stderr]    Compiling lodepng v1.2.2
[INFO] [stderr]     Checking crossbeam-queue v0.2.3
[INFO] [stderr]    Compiling getrandom v0.1.14
[INFO] [stderr]    Compiling rand_core v0.5.1
[INFO] [stderr]    Compiling rand_chacha v0.2.2
[INFO] [stderr]     Checking crossbeam-deque v0.7.3
[INFO] [stderr]    Compiling generic-array v0.9.0
[INFO] [stderr]    Compiling rand v0.7.3
[INFO] [stderr]    Compiling digest v0.7.6
[INFO] [stderr]    Compiling sha2 v0.7.1
[INFO] [stderr]    Compiling glsl-to-spirv v0.1.7
[INFO] [stderr]     Checking rayon v0.8.2
[INFO] [stderr]    Compiling tempfile v3.1.0
[INFO] [stderr]     Checking framing v0.6.0
[INFO] [stdout] error[E0554]: `#![feature]` may not be used on the beta release channel
[INFO] [stdout]  --> /opt/rustwide/cargo-home/registry/src/github.com-1ecc6299db9ec823/framing-0.6.0/src/lib.rs:1:1
[INFO] [stdout]   |
[INFO] [stdout] 1 | #![feature(conservative_impl_trait)]
[INFO] [stdout]   | ^^^^^^^^^^^^^^^^^^^^^^^^^^^^^^^^^^^^
[INFO] [stdout] 
[INFO] [stdout] 
[INFO] [stdout] error[E0759]: cannot infer an appropriate lifetime
[INFO] [stdout]   --> /opt/rustwide/cargo-home/registry/src/github.com-1ecc6299db9ec823/framing-0.6.0/src/transforms/iter.rs:10:20
[INFO] [stdout]    |
[INFO] [stdout] 5  |   pub fn iter<'a, T: Image>(frame: &'a T)
[INFO] [stdout]    |                                    ----- this data with lifetime `'a`...
[INFO] [stdout] ...
[INFO] [stdout] 10 |       (0..w * h).map(move |i| unsafe {
[INFO] [stdout]    |  ____________________^
[INFO] [stdout] 11 | |         let (x, y) = (i % w, i / w);
[INFO] [stdout] 12 | |         (x, y, frame.pixel(i % w, i / w))
[INFO] [stdout] 13 | |     })
[INFO] [stdout]    | |_____^ ...is captured here...
[INFO] [stdout]    |
[INFO] [stdout] note: ...and is required to live as long as `'static` here
[INFO] [stdout]   --> /opt/rustwide/cargo-home/registry/src/github.com-1ecc6299db9ec823/framing-0.6.0/src/transforms/iter.rs:6:8
[INFO] [stdout]    |
[INFO] [stdout] 6  |     -> impl Iterator<Item = (usize, usize, T::Pixel)> + ExactSizeIterator
[INFO] [stdout]    |        ^^^^^^^^^^^^^^^^^^^^^^^^^^^^^^^^^^^^^^^^^^^^^^^^^^^^^^^^^^^^^^^^^^
[INFO] [stdout] help: to declare that the `impl Trait` captures data from argument `frame`, you can add an explicit `'a` lifetime bound
[INFO] [stdout]    |
[INFO] [stdout] 6  |     -> impl Iterator<Item = (usize, usize, T::Pixel)> + ExactSizeIterator + 'a
[INFO] [stdout]    |                                                                           ^^^^
[INFO] [stdout] 
[INFO] [stdout] 
[INFO] [stdout] error[E0759]: cannot infer an appropriate lifetime
[INFO] [stdout]   --> /opt/rustwide/cargo-home/registry/src/github.com-1ecc6299db9ec823/framing-0.6.0/src/transforms/iter.rs:25:36
[INFO] [stdout]    |
[INFO] [stdout] 17 |   pub fn par_iter<'a, T>(frame: &'a T)
[INFO] [stdout]    |                                 ----- this data with lifetime `'a`...
[INFO] [stdout] ...
[INFO] [stdout] 25 |       (0..w * h).into_par_iter().map(move |i| unsafe {
[INFO] [stdout]    |  ____________________________________^
[INFO] [stdout] 26 | |         let (x, y) = (i % w, i / w);
[INFO] [stdout] 27 | |         (x, y, frame.pixel(i % w, i / w))
[INFO] [stdout] 28 | |     })
[INFO] [stdout]    | |_____^ ...is captured here...
[INFO] [stdout]    |
[INFO] [stdout] note: ...and is required to live as long as `'static` here
[INFO] [stdout]   --> /opt/rustwide/cargo-home/registry/src/github.com-1ecc6299db9ec823/framing-0.6.0/src/transforms/iter.rs:18:8
[INFO] [stdout]    |
[INFO] [stdout] 18 |     -> impl ParallelIterator<Item = (usize, usize, T::Pixel)>
[INFO] [stdout]    |        ^^^^^^^^^^^^^^^^^^^^^^^^^^^^^^^^^^^^^^^^^^^^^^^^^^^^^^
[INFO] [stdout] help: to declare that the `impl Trait` captures data from argument `frame`, you can add an explicit `'a` lifetime bound
[INFO] [stdout]    |
[INFO] [stdout] 18 |     -> impl ParallelIterator<Item = (usize, usize, T::Pixel)> + 'a
[INFO] [stdout]    |                                                               ^^^^
[INFO] [stdout] 
[INFO] [stdout] 
[INFO] [stdout] error: aborting due to 3 previous errors
[INFO] [stdout] 
[INFO] [stdout] 
[INFO] [stdout] Some errors have detailed explanations: E0554, E0759.
[INFO] [stdout] 
[INFO] [stdout] For more information about an error, try `rustc --explain E0554`.
[INFO] [stdout] 
[INFO] [stderr] error: could not compile `framing`.
[INFO] [stderr] 
[INFO] [stderr] To learn more, run the command again with --verbose.
[INFO] [stderr] warning: build failed, waiting for other jobs to finish...
[INFO] [stderr] error: build failed
[INFO] running `Command { std: "docker" "inspect" "97c8859f6015126fd5087e2c19cb718a63eecc34da3a7178ca2fca349f0fb2e6", kill_on_drop: false }`
[INFO] running `Command { std: "docker" "rm" "-f" "97c8859f6015126fd5087e2c19cb718a63eecc34da3a7178ca2fca349f0fb2e6", kill_on_drop: false }`
[INFO] [stdout] 97c8859f6015126fd5087e2c19cb718a63eecc34da3a7178ca2fca349f0fb2e6
